)/(-10). List the prime factors of z(g).
13
Let c(o) = 11 - o - 11 - o. What are the prime factors of c(-9)?
2, 3
Suppose -2*z = 2*b - 2, -5*z - 3*b - b + 7 = 0. Let s(u) = u**3 - 2*u**2 + 3*u - 4. List the prime factors of s(z).
2, 7
Suppose 12 = 3*h + h. Let j(o) = -o**2 + 7*o - 3. Let x be j(5). Suppose -16 + x = -h*g. What are the prime factors of g?
3
Suppose -3*p + 56 = -p. List the prime factors of p.
2, 7
Suppose 0 = -5*k + h + 30, 4*k + 5*h = k + 18. Suppose -u + k = 2. Suppose 5*t - u = 46. What are the prime factors of t?
2, 5
Let l = 8 + 31. Suppose 4*x - 5*p - 114 = -l, -15 = 5*p. What are the prime factors of x?
3, 5
Suppose 0 = -p - 3*p + 204. Let r = -36 + p. Suppose 0*i + r = i. List the prime factors of i.
3, 5
Suppose -4 = -3*w + 2. What are the prime factors of w?
2
Let a(k) = -k - 2. Let x be a(-1). Let z = x - -4. What are the prime factors of z?
3
Suppose 3*p - 3*s - 612 = 0, -3*p + 5*s - 4*s + 618 = 0. What are the prime factors of p?
3, 23
Suppose -5*f = -2*i + 163, 0 = 2*f - 5*i + 35 + 47. Let s = 60 + f. What are the prime factors of s?
29
Let o = -3 + 5. Suppose 10 = 3*t + o*t. What are the prime factors of t?
2
Let b be (6 - 2)*(-3 + 4). Suppose 43 = b*p - 1. What are the prime factors of p?
11
Suppose -2*n = -5*y - 32, -5*y - 14 = -2*n + 3*n. Let d be n/(-4)*(-84)/(-9). Let f = d + 22. What are the prime factors of f?
2
Suppose 3*r = u + 18, 1 = -2*r + 5. Let c be (u/(-16))/(2/56). Let l = c + -9. What are the prime factors of l?
2, 3
List the prime factors of (-256)/(-6) - 4/6.
2, 3, 7
Let h be 2/(-4)*1*0. Suppose -a - a + 8 = h. List the prime factors of a.
2
Let y be (1 - 12) + (-1 - -2). Let f = y + 40. Suppose -2*i + 5*i - f = 0. What are the prime factors of i?
2, 5
Let x(q) = 50*q**3 - 2*q**2 + 2*q - 1. Let g be x(1). Suppose g = 5*b - 21. What are the prime factors of b?
2, 7
Suppose 5*a + 21 = 2*z - 0*a, 10 = z - 2*a. Suppose -4*x + z = -0*x - 2*l, -4*x + 14 = l. List the prime factors of x.
3
Suppose 0 = 4*z - 0*z - 112. What are the prime factors of z?
2, 7
Suppose -r - 20 + 159 = 0. Let w = r + -97. List the prime factors of w.
2, 3, 7
Suppose 0*x = 2*x - 4, 2*i + x - 6 = 0. Suppose 0 = -q - 2*o + 40, i*o = 10 - 2. What are the prime factors of q?
2
Let l(f) = -3*f + 3. List the prime factors of l(-5).
2, 3
Suppose -3*v - 5*r + 6 = -10, 5*v = -3*r + 16. Let o = v - -1. What are the prime factors of o?
3
Let s(y) = -2*y**3 - 5*y**2 + 5*y + 5. Suppose -7*k = -2*k + 20. List the prime factors of s(k).
3, 11
Let t = -4 + 68. List the prime factors of t.
2
Let c = 3 - 1. Let y(t) = -5*t - t + 3*t**2 + c*t. What are the prime factors of y(3)?
3, 5
Let w = 80 + -26. List the prime factors of w.
2, 3
Suppose 4*d = 10*d - 12. List the prime factors of d.
2
Let i = 9 - 24. Let v = i + 18. List the prime factors of v.
3
Let b = -2 + 7. What are the prime factors of b?
5
Let l = -19 - -22. Suppose -m - 11 = -5*d, 2*d - 5 = l. What are the prime factors of m?
3
Let f(b) = 3*b**2 - 5*b + 5. What are the prime factors of f(4)?
3, 11
Let w = 259 - 138. List the prime factors of w.
11
Let p(b) = b**3 + 3*b**2 + b. Let z be p(-3). Let a be 8/z*(-27)/(-12). Let c(m) = m + 10. List the prime factors of c(a).
2
Let i(w) = -10*w**3 + 2*w**2 + w - 3. What are the prime factors of i(-2)?
83
Suppose -3*m + 9 = -m - 3*g, -5*g + 10 = 5*m. Suppose -3*a = m*o - a + 11, -5 = 2*o - a. Let u = o - -11. List the prime factors of u.
2
Let w = -23 - -45. Let h be (-1)/3 + (-43)/(-3). Let s = w - h. What are the prime factors of s?
2
Let g(o) = o**3 + 11*o**2 - 9*o + 6. What are the prime factors of g(-5)?
3, 67
Let g = 48 - 45. What are the prime factors of g?
3
Let z = 24 - 18. Suppose -l = 3*l - 4*h - 12, 3*h + 15 = -3*l. Let g = z + l. List the prime factors of g.
5
List the prime factors of (-141)/5*(-14 - -4).
2, 3, 47
Suppose -2*m - 3*m + 25 = 0. Suppose 0 = -4*g + m*s, 0*g + 5*s = -3*g. Suppose g*q - 9 = -q. What are the prime factors of q?
3
Let b(z) = -z**3 - 7*z**2 + z + 9. Let p be b(-7). Suppose 3*u - 13 = -x, p*u = 4*x - 2*u - 20. List the prime factors of x.
7
Suppose 5*m - 4 = -a + 6, 2*m = -5*a + 4. Suppose -r = 2, 5*g - 43 = -a*g + 4*r. What are the prime factors of g?
7
Let w(q) = q**2 + 20 - 17*q - 4*q - 2*q**2 + 0. List the prime factors of w(-20).
2, 5
Suppose -c - 68 + 9 = -2*p, p + 4*c = 34. What are the prime factors of p?
2, 3, 5
Let i = -58 - -93. List the prime factors of i.
5, 7
Suppose -3*i = i. Let j = 0 - i. Suppose -4*z - 5*a + 58 = j, 5*a = -z + 4*a + 14. List the prime factors of z.
2, 3
Suppose -4*t + 2*j = -138, -3*t + 4*j - 132 = -7*t. What are the prime factors of t?
2, 17
Let j(b) = 10*b**3 - 2*b**2 - 3*b + 2. Let p be j(2). Let m be (-4)/10 - p/(-20). Suppose m*c + 4*r = 3, 3*r - 8 = -c + 4*r. What are the prime factors of c?
5
Suppose 0 = 2*j - u - u - 288, -2*j + 276 = -5*u. What are the prime factors of j?
2, 37
Suppose -4 - 5 = -5*n + 3*i, 0 = 4*n - 3*i - 9. Suppose -v + 2 + 6 = n. Suppose 4*o = u + 37, v*o - 3*o - 47 = 2*u. List the prime factors of o.
3
Suppose -4*q = -4*y - 560, 4*y + 696 = 2*q + 3*q. List the prime factors of q.
2, 17
Let r(z) = z**3 + 9*z**2 - 22*z + 3. Let v be r(-11). Suppose -5*g + 4*g + 3 = 0. Suppose 2*s = 4*i + 28, -4*s + 4 = -v*s + g*i. List the prime factors of s.
2, 5
Let v(h) = h**2 + 4*h + 7. Let d be v(-8). Suppose x + x + 5*t = 39, 0 = 3*x + t - d. List the prime factors of x.
2, 3
Suppose 2*t = -2*y + 192, 0*t + 288 = 3*y - 3*t. List the prime factors of y.
2, 3
Let v be (108/(-8))/((-6)/8). Let p be (-8)/12*v/(-4). List the prime factors of 5 - (-3)/(p*-1).
2
Let m(b) = -b**2 - 16*b - 5. List the prime factors of m(-14).
23
Suppose 2*u - 138 = 46. List the prime factors of u.
2, 23
Let h be (-32)/(-12)*6/4. Suppose -6*l + 2*l - 2*x = -12, h*x + 20 = 3*l. Suppose 5*d - 46 = l. List the prime factors of d.
2, 5
Let w be (-4)/14 - (-37)/7. Suppose w*u = 4*u + 32. Suppose 4*b + 5*q - 28 = 5, 4*q - u = -4*b. What are the prime factors of b?
7
Suppose r - 2*r = -c + 7, 4*c - 2*r = 26. List the prime factors of c.
2, 3
Suppose 3*g - 7 = -1. Let d be 6/(6/g) + 9. Let a = d + -2. What are the prime factors of a?
3
What are the prime factors of ((-18)/(-10))/((-9)/(-30)) - -2?
2
Let l(y) = y + 1. Let d = 3 + 9. Suppose 3*i - 7*i + 5*q = -13, 0 = -3*i + 3*q + d. List the prime factors of l(i).
2
Let h(d) = -3*d - 3. Let r be h(-2). Suppose 4*u - 2*m = 58, 2*u + 0*u - 27 = r*m. What are the prime factors of u?
3, 5
Suppose 3*o - 4*v - 90 = v, 0 = -5*o + 5*v + 140. List the prime factors of o.
5
Let h be -6 + 10 - 1*-2. Suppose -4*l + 5*d + 21 = 0, -2*l + 5*d + 10 = -3. Suppose h*b = 4*b + l. List the prime factors of b.
2
Suppose 2*s - 67 = 17. What are the prime factors of s?
2, 3, 7
Suppose 3*y = -4*l + 80, -20 = -y - 4*y. Suppose 2*c + 20 = 5*z - 48, -32 = -2*z + 2*c. Let g = l - z. What are the prime factors of g?
5
Let c(r) = 7*r**3 - 2*r**2 - 4*r + 5. What are the prime factors of c(2)?
3, 5
Let i(x) = -59*x - 3. What are the prime factors of i(-2)?
5, 23
Let j = -29 + 41. Suppose j = m - 3*f + 4*f, 5*m = f + 90. List the prime factors of m.
17
Let j be (-303)/(-9) + 4/(-6). Let a be (-2)/11 - 588/j. List the prime factors of a/7*14/(-3).
2, 3
Suppose -148 = 3*a - 4*y, 0*a + 124 = -3*a - 2*y. Let o = -19 - a. List the prime factors of o.
5
What are the prime factors of (-1)/4 + (-3115)/(-28)?
3, 37
Suppose 2*h + n - 4*n = 195, -2*h - 2*n = -190. List the prime factors of h.
2, 3
Let u be 3/(-9) + (-201)/(-9). Suppose 3*m = w + u, -m + 18 = 4*w + w. List the prime factors of m.
2
Let l = 45 - 11. What are the prime factors of l?
2, 17
Let y(h) = -h**2 + h + 1. Let t(l) = -2*l**2 + 9*l - 3. Let u(n) = t(n) - y(n). List the prime factors of u(7).
3
Let y(r) = -r**3 - 5*r**2 - 4*r. Let d be y(-5). Suppose s = -4*s + d. Suppose -m + 0 = -s. List the prime factors of m.
2
Let u = -10 + 6. What are the prime factors of (-6)/u*64/12?
2
Let j(k) = -k**3 + 9*k**2 - 7*k - 3. Let s be j(8). What are the prime factors of -1 + 2 + (s - 0)?
2, 3
Suppose 3*j = 7*j - 20. Suppose 0 = -4*k + 4*z + 96, 5*k + j*z - 174 = -24. What are the prime factors of k?
3
Suppose -2*p - 3*p + 17 = d, -2*p - 5*d + 16 = 0. List the prime factors of ((-2)/p)/(4/(-18)).
3
Suppose 0 = 3*g + h - 